{"id":2826,"date":"2020-03-25T13:42:58","date_gmt":"2020-03-25T13:42:58","guid":{"rendered":"https:\/\/lezbetalen.be\/?post_type=avada_faq&#038;p=2826"},"modified":"2020-03-25T13:42:58","modified_gmt":"2020-03-25T13:42:58","slug":"nem-tudtam-hogy-antwerpenben-lez-zona-van-2","status":"publish","type":"avada_faq","link":"https:\/\/lezbetalen.be\/hu\/avada_faq\/nem-tudtam-hogy-antwerpenben-lez-zona-van-2\/","title":{"rendered":"Nem tudtam, hogy Antwerpenben LEZ-z\u00f3na van."},"content":{"rendered":"<p><span lang=\"HU\">A LEZ egy Antwerpen v\u00e1ros valamennyi lakos\u00e1ra \u00e9s l\u00e1togat\u00f3j\u00e1ra vonatkoz\u00f3, eg\u00e9szs\u00e9g\u00fcgyi int\u00e9zked\u00e9s. Ez az int\u00e9zked\u00e9s 2017. febru\u00e1r 1. \u00f3ta a k\u00f6z\u00fati k\u00f6zleked\u00e9si szab\u00e1lyoknak is r\u00e9sz\u00e9t alkotja. A k\u00f6z\u00fati k\u00f6zleked\u00e9si szab\u00e1lyokat pedig minden \u00fathaszn\u00e1l\u00f3nak ismernie kell. A LEZ-z\u00f3n\u00e1t az F117-es \u00e9s F118-as z\u00f3nat\u00e1bla, \u00e9s a LEZ-z\u00f3n\u00e1hoz val\u00f3 k\u00f6zeled\u00e9st jelz\u0151 figyelmeztet\u0151 t\u00e1bl\u00e1k jel\u00f6lik. Ezek a t\u00e1j\u00e9koztat\u00f3 t\u00e1bl\u00e1k gondoskodnak arr\u00f3l, hogy ne hajtson be v\u00e9letlen\u00fcl a LEZ-z\u00f3n\u00e1ba.<\/span><\/p>\n<p><span lang=\"HU\">Mindemellett az Antwerpen V\u00e1rosi \u00d6nkorm\u00e1nyzat, a flamand korm\u00e1ny \u00e9s a mobilit\u00e1s ter\u00e9n tev\u00e9keny sz\u00e1mos szervezet is online kamp\u00e1nyban h\u00edvta fel a figyelmet a LEZ bevezet\u00e9s\u00e9re \u00e9s alkalmaz\u00e1s\u00e1ra.<\/span><\/p>\n","protected":false},"excerpt":{"rendered":"<p>A LEZ egy Antwerpen v\u00e1ros valamennyi lakos\u00e1ra \u00e9s l\u00e1togat\u00f3j\u00e1ra vonatkoz\u00f3, eg\u00e9szs\u00e9g\u00fcgyi int\u00e9zked\u00e9s. Ez az int\u00e9zked\u00e9s 2017. febru\u00e1r 1. \u00f3ta a k\u00f6z\u00fati k\u00f6zleked\u00e9si szab\u00e1lyoknak is r\u00e9sz\u00e9t alkotja. A k\u00f6z\u00fati k\u00f6zleked\u00e9si szab\u00e1lyokat pedig minden \u00fathaszn\u00e1l\u00f3nak ismernie kell. A LEZ-z\u00f3n\u00e1t az F117-es \u00e9s F118-as z\u00f3nat\u00e1bla, \u00e9s a LEZ-z\u00f3n\u00e1hoz val\u00f3 k\u00f6zeled\u00e9st jelz\u0151 figyelmeztet\u0151 t\u00e1bl\u00e1k jel\u00f6lik. Ezek a t\u00e1j\u00e9koztat\u00f3 t\u00e1bl\u00e1k [&hellip;]<\/p>\n","protected":false},"author":7,"featured_media":0,"menu_order":0,"comment_status":"closed","ping_status":"closed","template":"","format":"standard","meta":{"footnotes":""},"faq_category":[],"class_list":["post-2826","avada_faq","type-avada_faq","status-publish","format-standard","hentry"],"yoast_head":"<!-- This site is optimized with the Yoast SEO plugin v27.5 - https:\/\/yoast.com\/product\/yoast-seo-wordpress\/ -->\n<title>Nem tudtam, hogy Antwerpenben LEZ-z\u00f3na van. - LEZ<\/title>\n<meta name=\"robots\" content=\"index, follow, max-snippet:-1, max-image-preview:large, max-video-preview:-1\" \/>\n<link rel=\"canonical\" href=\"https:\/\/lezbetalen.be\/hu\/avada_faq\/nem-tudtam-hogy-antwerpenben-lez-zona-van-2\/\" \/>\n<meta property=\"og:locale\" content=\"hu_HU\" \/>\n<meta property=\"og:type\" content=\"article\" \/>\n<meta property=\"og:title\" content=\"Nem tudtam, hogy Antwerpenben LEZ-z\u00f3na van. - LEZ\" \/>\n<meta property=\"og:description\" content=\"A LEZ egy Antwerpen v\u00e1ros valamennyi lakos\u00e1ra \u00e9s l\u00e1togat\u00f3j\u00e1ra vonatkoz\u00f3, eg\u00e9szs\u00e9g\u00fcgyi int\u00e9zked\u00e9s. Ez az int\u00e9zked\u00e9s 2017. febru\u00e1r 1. \u00f3ta a k\u00f6z\u00fati k\u00f6zleked\u00e9si szab\u00e1lyoknak is r\u00e9sz\u00e9t alkotja. A k\u00f6z\u00fati k\u00f6zleked\u00e9si szab\u00e1lyokat pedig minden \u00fathaszn\u00e1l\u00f3nak ismernie kell. A LEZ-z\u00f3n\u00e1t az F117-es \u00e9s F118-as z\u00f3nat\u00e1bla, \u00e9s a LEZ-z\u00f3n\u00e1hoz val\u00f3 k\u00f6zeled\u00e9st jelz\u0151 figyelmeztet\u0151 t\u00e1bl\u00e1k jel\u00f6lik. Ezek a t\u00e1j\u00e9koztat\u00f3 t\u00e1bl\u00e1k [&hellip;]\" \/>\n<meta property=\"og:url\" content=\"https:\/\/lezbetalen.be\/hu\/avada_faq\/nem-tudtam-hogy-antwerpenben-lez-zona-van-2\/\" \/>\n<meta property=\"og:site_name\" content=\"LEZ\" \/>\n<meta name=\"twitter:card\" content=\"summary_large_image\" \/>\n<meta name=\"twitter:label1\" content=\"Becs\u00fclt olvas\u00e1si id\u0151\" \/>\n\t<meta name=\"twitter:data1\" content=\"1 perc\" \/>\n<script type=\"application\/ld+json\" class=\"yoast-schema-graph\">{\"@context\":\"https:\\\/\\\/schema.org\",\"@graph\":[{\"@type\":\"WebPage\",\"@id\":\"https:\\\/\\\/lezbetalen.be\\\/hu\\\/avada_faq\\\/nem-tudtam-hogy-antwerpenben-lez-zona-van-2\\\/\",\"url\":\"https:\\\/\\\/lezbetalen.be\\\/hu\\\/avada_faq\\\/nem-tudtam-hogy-antwerpenben-lez-zona-van-2\\\/\",\"name\":\"Nem tudtam, hogy Antwerpenben LEZ-z\u00f3na van. - LEZ\",\"isPartOf\":{\"@id\":\"https:\\\/\\\/lezbetalen.be\\\/#website\"},\"datePublished\":\"2020-03-25T13:42:58+00:00\",\"breadcrumb\":{\"@id\":\"https:\\\/\\\/lezbetalen.be\\\/hu\\\/avada_faq\\\/nem-tudtam-hogy-antwerpenben-lez-zona-van-2\\\/#breadcrumb\"},\"inLanguage\":\"hu\",\"potentialAction\":[{\"@type\":\"ReadAction\",\"target\":[\"https:\\\/\\\/lezbetalen.be\\\/hu\\\/avada_faq\\\/nem-tudtam-hogy-antwerpenben-lez-zona-van-2\\\/\"]}]},{\"@type\":\"BreadcrumbList\",\"@id\":\"https:\\\/\\\/lezbetalen.be\\\/hu\\\/avada_faq\\\/nem-tudtam-hogy-antwerpenben-lez-zona-van-2\\\/#breadcrumb\",\"itemListElement\":[{\"@type\":\"ListItem\",\"position\":1,\"name\":\"Home\",\"item\":\"https:\\\/\\\/lezbetalen.be\\\/hu\\\/\"},{\"@type\":\"ListItem\",\"position\":2,\"name\":\"FAQs\",\"item\":\"https:\\\/\\\/lezbetalen.be\\\/it\\\/avada_faq\\\/\"},{\"@type\":\"ListItem\",\"position\":3,\"name\":\"Nem tudtam, hogy Antwerpenben LEZ-z\u00f3na van.\"}]},{\"@type\":\"WebSite\",\"@id\":\"https:\\\/\\\/lezbetalen.be\\\/#website\",\"url\":\"https:\\\/\\\/lezbetalen.be\\\/\",\"name\":\"LEZ\",\"description\":\"\",\"potentialAction\":[{\"@type\":\"SearchAction\",\"target\":{\"@type\":\"EntryPoint\",\"urlTemplate\":\"https:\\\/\\\/lezbetalen.be\\\/?s={search_term_string}\"},\"query-input\":{\"@type\":\"PropertyValueSpecification\",\"valueRequired\":true,\"valueName\":\"search_term_string\"}}],\"inLanguage\":\"hu\"}]}<\/script>\n<!-- \/ Yoast SEO plugin. -->","yoast_head_json":{"title":"Nem tudtam, hogy Antwerpenben LEZ-z\u00f3na van. - LEZ","robots":{"index":"index","follow":"follow","max-snippet":"max-snippet:-1","max-image-preview":"max-image-preview:large","max-video-preview":"max-video-preview:-1"},"canonical":"https:\/\/lezbetalen.be\/hu\/avada_faq\/nem-tudtam-hogy-antwerpenben-lez-zona-van-2\/","og_locale":"hu_HU","og_type":"article","og_title":"Nem tudtam, hogy Antwerpenben LEZ-z\u00f3na van. - LEZ","og_description":"A LEZ egy Antwerpen v\u00e1ros valamennyi lakos\u00e1ra \u00e9s l\u00e1togat\u00f3j\u00e1ra vonatkoz\u00f3, eg\u00e9szs\u00e9g\u00fcgyi int\u00e9zked\u00e9s. Ez az int\u00e9zked\u00e9s 2017. febru\u00e1r 1. \u00f3ta a k\u00f6z\u00fati k\u00f6zleked\u00e9si szab\u00e1lyoknak is r\u00e9sz\u00e9t alkotja. A k\u00f6z\u00fati k\u00f6zleked\u00e9si szab\u00e1lyokat pedig minden \u00fathaszn\u00e1l\u00f3nak ismernie kell. A LEZ-z\u00f3n\u00e1t az F117-es \u00e9s F118-as z\u00f3nat\u00e1bla, \u00e9s a LEZ-z\u00f3n\u00e1hoz val\u00f3 k\u00f6zeled\u00e9st jelz\u0151 figyelmeztet\u0151 t\u00e1bl\u00e1k jel\u00f6lik. Ezek a t\u00e1j\u00e9koztat\u00f3 t\u00e1bl\u00e1k [&hellip;]","og_url":"https:\/\/lezbetalen.be\/hu\/avada_faq\/nem-tudtam-hogy-antwerpenben-lez-zona-van-2\/","og_site_name":"LEZ","twitter_card":"summary_large_image","twitter_misc":{"Becs\u00fclt olvas\u00e1si id\u0151":"1 perc"},"schema":{"@context":"https:\/\/schema.org","@graph":[{"@type":"WebPage","@id":"https:\/\/lezbetalen.be\/hu\/avada_faq\/nem-tudtam-hogy-antwerpenben-lez-zona-van-2\/","url":"https:\/\/lezbetalen.be\/hu\/avada_faq\/nem-tudtam-hogy-antwerpenben-lez-zona-van-2\/","name":"Nem tudtam, hogy Antwerpenben LEZ-z\u00f3na van. - LEZ","isPartOf":{"@id":"https:\/\/lezbetalen.be\/#website"},"datePublished":"2020-03-25T13:42:58+00:00","breadcrumb":{"@id":"https:\/\/lezbetalen.be\/hu\/avada_faq\/nem-tudtam-hogy-antwerpenben-lez-zona-van-2\/#breadcrumb"},"inLanguage":"hu","potentialAction":[{"@type":"ReadAction","target":["https:\/\/lezbetalen.be\/hu\/avada_faq\/nem-tudtam-hogy-antwerpenben-lez-zona-van-2\/"]}]},{"@type":"BreadcrumbList","@id":"https:\/\/lezbetalen.be\/hu\/avada_faq\/nem-tudtam-hogy-antwerpenben-lez-zona-van-2\/#breadcrumb","itemListElement":[{"@type":"ListItem","position":1,"name":"Home","item":"https:\/\/lezbetalen.be\/hu\/"},{"@type":"ListItem","position":2,"name":"FAQs","item":"https:\/\/lezbetalen.be\/it\/avada_faq\/"},{"@type":"ListItem","position":3,"name":"Nem tudtam, hogy Antwerpenben LEZ-z\u00f3na van."}]},{"@type":"WebSite","@id":"https:\/\/lezbetalen.be\/#website","url":"https:\/\/lezbetalen.be\/","name":"LEZ","description":"","potentialAction":[{"@type":"SearchAction","target":{"@type":"EntryPoint","urlTemplate":"https:\/\/lezbetalen.be\/?s={search_term_string}"},"query-input":{"@type":"PropertyValueSpecification","valueRequired":true,"valueName":"search_term_string"}}],"inLanguage":"hu"}]}},"_links":{"self":[{"href":"https:\/\/lezbetalen.be\/hu\/wp-json\/wp\/v2\/avada_faq\/2826","targetHints":{"allow":["GET"]}}],"collection":[{"href":"https:\/\/lezbetalen.be\/hu\/wp-json\/wp\/v2\/avada_faq"}],"about":[{"href":"https:\/\/lezbetalen.be\/hu\/wp-json\/wp\/v2\/types\/avada_faq"}],"author":[{"embeddable":true,"href":"https:\/\/lezbetalen.be\/hu\/wp-json\/wp\/v2\/users\/7"}],"replies":[{"embeddable":true,"href":"https:\/\/lezbetalen.be\/hu\/wp-json\/wp\/v2\/comments?post=2826"}],"version-history":[{"count":1,"href":"https:\/\/lezbetalen.be\/hu\/wp-json\/wp\/v2\/avada_faq\/2826\/revisions"}],"predecessor-version":[{"id":2827,"href":"https:\/\/lezbetalen.be\/hu\/wp-json\/wp\/v2\/avada_faq\/2826\/revisions\/2827"}],"wp:attachment":[{"href":"https:\/\/lezbetalen.be\/hu\/wp-json\/wp\/v2\/media?parent=2826"}],"wp:term":[{"taxonomy":"faq_category","embeddable":true,"href":"https:\/\/lezbetalen.be\/hu\/wp-json\/wp\/v2\/faq_category?post=2826"}],"curies":[{"name":"wp","href":"https:\/\/api.w.org\/{rel}","templated":true}]}}

Nem tudtam, hogy Antwerpenben LEZ-zóna van.

<p><span lang="HU">A LEZ egy Antwerpen város valamennyi lakosára és látogatójára vonatkozó, egészségügyi intézkedés. Ez az intézkedés 2017. február 1. óta a közúti közlekedési szabályoknak is részét alkotja. A közúti közlekedési szabályokat pedig minden úthasználónak ismernie kell. A LEZ-zónát az F117-es és F118-as zónatábla, és a LEZ-zónához való közeledést jelző figyelmeztető táblák jelölik. Ezek a tájékoztató táblák gondoskodnak arról, hogy ne hajtson be véletlenül a LEZ-zónába.</span></p>
<p><span lang="HU">Mindemellett az Antwerpen Városi Önkormányzat, a flamand kormány és a mobilitás terén tevékeny számos szervezet is online kampányban hívta fel a figyelmet a LEZ bevezetésére és alkalmazására.</span></p>

<p>A LEZ egy Antwerpen város valamennyi lakosára és látogatójára vonatkozó, egészségügyi intézkedés. Ez az intézkedés 2017. február 1. óta a közúti közlekedési szabályoknak is részét alkotja. A közúti közlekedési szabályokat pedig minden úthasználónak ismernie kell. A LEZ-zónát az F117-es és F118-as zónatábla, és a LEZ-zónához való közeledést jelző figyelmeztető táblák jelölik. Ezek a tájékoztató táblák [&hellip;]</p>

<!-- This site is optimized with the Yoast SEO plugin v27.5 - https://yoast.com/product/yoast-seo-wordpress/ -->
<title>Nem tudtam, hogy Antwerpenben LEZ-zóna van. - LEZ</title>
<meta name="robots" content="index, follow, max-snippet:-1, max-image-preview:large, max-video-preview:-1" />
<link rel="canonical" href="https://lezbetalen.be/hu/avada_faq/nem-tudtam-hogy-antwerpenben-lez-zona-van-2/" />
<meta property="og:locale" content="hu_HU" />
<meta property="og:type" content="article" />
<meta property="og:title" content="Nem tudtam, hogy Antwerpenben LEZ-zóna van. - LEZ" />
<meta property="og:description" content="A LEZ egy Antwerpen város valamennyi lakosára és látogatójára vonatkozó, egészségügyi intézkedés. Ez az intézkedés 2017. február 1. óta a közúti közlekedési szabályoknak is részét alkotja. A közúti közlekedési szabályokat pedig minden úthasználónak ismernie kell. A LEZ-zónát az F117-es és F118-as zónatábla, és a LEZ-zónához való közeledést jelző figyelmeztető táblák jelölik. Ezek a tájékoztató táblák [&hellip;]" />
<meta property="og:url" content="https://lezbetalen.be/hu/avada_faq/nem-tudtam-hogy-antwerpenben-lez-zona-van-2/" />
<meta property="og:site_name" content="LEZ" />
<meta name="twitter:card" content="summary_large_image" />
<meta name="twitter:label1" content="Becsült olvasási idő" />
	<meta name="twitter:data1" content="1 perc" />
<script type="application/ld+json" class="yoast-schema-graph">{"@context":"https:\/\/schema.org","@graph":[{"@type":"WebPage","@id":"https:\/\/lezbetalen.be\/hu\/avada_faq\/nem-tudtam-hogy-antwerpenben-lez-zona-van-2\/","url":"https:\/\/lezbetalen.be\/hu\/avada_faq\/nem-tudtam-hogy-antwerpenben-lez-zona-van-2\/","name":"Nem tudtam, hogy Antwerpenben LEZ-zóna van. - LEZ","isPartOf":{"@id":"https:\/\/lezbetalen.be\/#website"},"datePublished":"2020-03-25T13:42:58+00:00","breadcrumb":{"@id":"https:\/\/lezbetalen.be\/hu\/avada_faq\/nem-tudtam-hogy-antwerpenben-lez-zona-van-2\/#breadcrumb"},"inLanguage":"hu","potentialAction":[{"@type":"ReadAction","target":["https:\/\/lezbetalen.be\/hu\/avada_faq\/nem-tudtam-hogy-antwerpenben-lez-zona-van-2\/"]}]},{"@type":"BreadcrumbList","@id":"https:\/\/lezbetalen.be\/hu\/avada_faq\/nem-tudtam-hogy-antwerpenben-lez-zona-van-2\/#breadcrumb","itemListElement":[{"@type":"ListItem","position":1,"name":"Home","item":"https:\/\/lezbetalen.be\/hu\/"},{"@type":"ListItem","position":2,"name":"FAQs","item":"https:\/\/lezbetalen.be\/it\/avada_faq\/"},{"@type":"ListItem","position":3,"name":"Nem tudtam, hogy Antwerpenben LEZ-zóna van."}]},{"@type":"WebSite","@id":"https:\/\/lezbetalen.be\/#website","url":"https:\/\/lezbetalen.be\/","name":"LEZ","description":"","potentialAction":[{"@type":"SearchAction","target":{"@type":"EntryPoint","urlTemplate":"https:\/\/lezbetalen.be\/?s={search_term_string}"},"query-input":{"@type":"PropertyValueSpecification","valueRequired":true,"valueName":"search_term_string"}}],"inLanguage":"hu"}]}</script>
<!-- / Yoast SEO plugin. -->

Nem tudtam, hogy Antwerpenben LEZ-zóna van. - LEZ

A LEZ egy Antwerpen város valamennyi lakosára és látogatójára vonatkozó, egészségügyi intézkedés. Ez az intézkedés 2017. február 1. óta a közúti közlekedési szabályoknak is részét alkotja. A közúti közlekedési szabályokat pedig minden úthasználónak ismernie kell. A LEZ-zónát az F117-es és F118-as zónatábla, és a LEZ-zónához való közeledést jelző figyelmeztető táblák jelölik. Ezek a tájékoztató táblák [&hellip;]
