{"id":2238,"date":"2019-06-05T15:48:11","date_gmt":"2019-06-05T15:48:11","guid":{"rendered":"https:\/\/lezbetalen.be\/?post_type=avada_faq&#038;p=2238"},"modified":"2020-03-26T16:07:29","modified_gmt":"2020-03-26T16:07:29","slug":"oggi-il-mio-veicolo-e-entrato-nella-zona-a-bassa-emissione-come-dovro-procedere-adesso","status":"publish","type":"avada_faq","link":"https:\/\/lezbetalen.be\/it\/avada_faq\/oggi-il-mio-veicolo-e-entrato-nella-zona-a-bassa-emissione-come-dovro-procedere-adesso\/","title":{"rendered":"Oggi il mio veicolo \u00e8 entrato nella zona a bassa emissione. Come dovr\u00f2 procedere adesso?"},"content":{"rendered":"<p>Se il tuo veicolo soddisfa le\u00a0<a href=\"https:\/\/www.slimnaarantwerpen.be\/nl\/lez\/check-uw-voertuig\/toelatingsvoorwaarden\">condizioni di ammissione<\/a> devi\u00a0<a href=\"https:\/\/lez.antwerpen.be\/\">registrarlo<\/a>. La registrazione pu\u00f2 essere effettuata online o presso uno dei\u00a0<a href=\"https:\/\/www.slimnaarantwerpen.be\/nl\/lez\/lez-automaten\">distributori automatici LEZ<\/a> al pi\u00f9 tardi il giorno successivo al tuo ingresso nella LEZ.<\/p>\n<p>Se il veicolo non \u00e8 in regola con i requisiti di accesso, \u00e8 possibile acquistare il giorno stesso un <a href=\"https:\/\/lez.antwerpen.be\/?Taal=nl\">Pass LEZ<\/a> giornaliero valido fino alle 6 a.m. dell\u2019indomani online, presso uno dei parchimetri touchscreen nel centro-citt\u00e0 o presso un <a href=\"https:\/\/www.slimnaarantwerpen.be\/nl\/lez\/lez-automaten\">apposito distributore LEZ<\/a>.<\/p>\n","protected":false},"excerpt":{"rendered":"<p>Se il tuo veicolo soddisfa le\u00a0condizioni di ammissione devi\u00a0registrarlo. La registrazione pu\u00f2 essere effettuata online o presso uno dei\u00a0distributori automatici LEZ al pi\u00f9 tardi il giorno successivo al tuo ingresso nella LEZ. Se il veicolo non \u00e8 in regola con i requisiti di accesso, \u00e8 possibile acquistare il giorno stesso un Pass LEZ giornaliero valido [&hellip;]<\/p>\n","protected":false},"author":7,"featured_media":0,"menu_order":0,"comment_status":"closed","ping_status":"closed","template":"","format":"standard","meta":{"footnotes":""},"faq_category":[93],"class_list":["post-2238","avada_faq","type-avada_faq","status-publish","format-standard","hentry","faq_category-registrazione"],"yoast_head":"<!-- This site is optimized with the Yoast SEO plugin v27.5 - https:\/\/yoast.com\/product\/yoast-seo-wordpress\/ -->\n<title>Oggi il mio veicolo \u00e8 entrato nella zona a bassa emissione. Come dovr\u00f2 procedere adesso? - LEZ<\/title>\n<meta name=\"robots\" content=\"index, follow, max-snippet:-1, max-image-preview:large, max-video-preview:-1\" \/>\n<link rel=\"canonical\" href=\"https:\/\/lezbetalen.be\/it\/avada_faq\/oggi-il-mio-veicolo-e-entrato-nella-zona-a-bassa-emissione-come-dovro-procedere-adesso\/\" \/>\n<meta property=\"og:locale\" content=\"it_IT\" \/>\n<meta property=\"og:type\" content=\"article\" \/>\n<meta property=\"og:title\" content=\"Oggi il mio veicolo \u00e8 entrato nella zona a bassa emissione. Come dovr\u00f2 procedere adesso? - LEZ\" \/>\n<meta property=\"og:description\" content=\"Se il tuo veicolo soddisfa le\u00a0condizioni di ammissione devi\u00a0registrarlo. La registrazione pu\u00f2 essere effettuata online o presso uno dei\u00a0distributori automatici LEZ al pi\u00f9 tardi il giorno successivo al tuo ingresso nella LEZ. Se il veicolo non \u00e8 in regola con i requisiti di accesso, \u00e8 possibile acquistare il giorno stesso un Pass LEZ giornaliero valido [&hellip;]\" \/>\n<meta property=\"og:url\" content=\"https:\/\/lezbetalen.be\/it\/avada_faq\/oggi-il-mio-veicolo-e-entrato-nella-zona-a-bassa-emissione-come-dovro-procedere-adesso\/\" \/>\n<meta property=\"og:site_name\" content=\"LEZ\" \/>\n<meta property=\"article:modified_time\" content=\"2020-03-26T16:07:29+00:00\" \/>\n<meta name=\"twitter:card\" content=\"summary_large_image\" \/>\n<script type=\"application\/ld+json\" class=\"yoast-schema-graph\">{\"@context\":\"https:\\\/\\\/schema.org\",\"@graph\":[{\"@type\":\"WebPage\",\"@id\":\"https:\\\/\\\/lezbetalen.be\\\/it\\\/avada_faq\\\/oggi-il-mio-veicolo-e-entrato-nella-zona-a-bassa-emissione-come-dovro-procedere-adesso\\\/\",\"url\":\"https:\\\/\\\/lezbetalen.be\\\/it\\\/avada_faq\\\/oggi-il-mio-veicolo-e-entrato-nella-zona-a-bassa-emissione-come-dovro-procedere-adesso\\\/\",\"name\":\"Oggi il mio veicolo \u00e8 entrato nella zona a bassa emissione. Come dovr\u00f2 procedere adesso? - LEZ\",\"isPartOf\":{\"@id\":\"https:\\\/\\\/lezbetalen.be\\\/#website\"},\"datePublished\":\"2019-06-05T15:48:11+00:00\",\"dateModified\":\"2020-03-26T16:07:29+00:00\",\"breadcrumb\":{\"@id\":\"https:\\\/\\\/lezbetalen.be\\\/it\\\/avada_faq\\\/oggi-il-mio-veicolo-e-entrato-nella-zona-a-bassa-emissione-come-dovro-procedere-adesso\\\/#breadcrumb\"},\"inLanguage\":\"it-IT\",\"potentialAction\":[{\"@type\":\"ReadAction\",\"target\":[\"https:\\\/\\\/lezbetalen.be\\\/it\\\/avada_faq\\\/oggi-il-mio-veicolo-e-entrato-nella-zona-a-bassa-emissione-come-dovro-procedere-adesso\\\/\"]}]},{\"@type\":\"BreadcrumbList\",\"@id\":\"https:\\\/\\\/lezbetalen.be\\\/it\\\/avada_faq\\\/oggi-il-mio-veicolo-e-entrato-nella-zona-a-bassa-emissione-come-dovro-procedere-adesso\\\/#breadcrumb\",\"itemListElement\":[{\"@type\":\"ListItem\",\"position\":1,\"name\":\"Home\",\"item\":\"https:\\\/\\\/lezbetalen.be\\\/it\\\/\"},{\"@type\":\"ListItem\",\"position\":2,\"name\":\"FAQs\",\"item\":\"https:\\\/\\\/lezbetalen.be\\\/it\\\/avada_faq\\\/\"},{\"@type\":\"ListItem\",\"position\":3,\"name\":\"Oggi il mio veicolo \u00e8 entrato nella zona a bassa emissione. Come dovr\u00f2 procedere adesso?\"}]},{\"@type\":\"WebSite\",\"@id\":\"https:\\\/\\\/lezbetalen.be\\\/#website\",\"url\":\"https:\\\/\\\/lezbetalen.be\\\/\",\"name\":\"LEZ\",\"description\":\"\",\"potentialAction\":[{\"@type\":\"SearchAction\",\"target\":{\"@type\":\"EntryPoint\",\"urlTemplate\":\"https:\\\/\\\/lezbetalen.be\\\/?s={search_term_string}\"},\"query-input\":{\"@type\":\"PropertyValueSpecification\",\"valueRequired\":true,\"valueName\":\"search_term_string\"}}],\"inLanguage\":\"it-IT\"}]}<\/script>\n<!-- \/ Yoast SEO plugin. -->","yoast_head_json":{"title":"Oggi il mio veicolo \u00e8 entrato nella zona a bassa emissione. Come dovr\u00f2 procedere adesso? - LEZ","robots":{"index":"index","follow":"follow","max-snippet":"max-snippet:-1","max-image-preview":"max-image-preview:large","max-video-preview":"max-video-preview:-1"},"canonical":"https:\/\/lezbetalen.be\/it\/avada_faq\/oggi-il-mio-veicolo-e-entrato-nella-zona-a-bassa-emissione-come-dovro-procedere-adesso\/","og_locale":"it_IT","og_type":"article","og_title":"Oggi il mio veicolo \u00e8 entrato nella zona a bassa emissione. Come dovr\u00f2 procedere adesso? - LEZ","og_description":"Se il tuo veicolo soddisfa le\u00a0condizioni di ammissione devi\u00a0registrarlo. La registrazione pu\u00f2 essere effettuata online o presso uno dei\u00a0distributori automatici LEZ al pi\u00f9 tardi il giorno successivo al tuo ingresso nella LEZ. Se il veicolo non \u00e8 in regola con i requisiti di accesso, \u00e8 possibile acquistare il giorno stesso un Pass LEZ giornaliero valido [&hellip;]","og_url":"https:\/\/lezbetalen.be\/it\/avada_faq\/oggi-il-mio-veicolo-e-entrato-nella-zona-a-bassa-emissione-come-dovro-procedere-adesso\/","og_site_name":"LEZ","article_modified_time":"2020-03-26T16:07:29+00:00","twitter_card":"summary_large_image","schema":{"@context":"https:\/\/schema.org","@graph":[{"@type":"WebPage","@id":"https:\/\/lezbetalen.be\/it\/avada_faq\/oggi-il-mio-veicolo-e-entrato-nella-zona-a-bassa-emissione-come-dovro-procedere-adesso\/","url":"https:\/\/lezbetalen.be\/it\/avada_faq\/oggi-il-mio-veicolo-e-entrato-nella-zona-a-bassa-emissione-come-dovro-procedere-adesso\/","name":"Oggi il mio veicolo \u00e8 entrato nella zona a bassa emissione. Come dovr\u00f2 procedere adesso? - LEZ","isPartOf":{"@id":"https:\/\/lezbetalen.be\/#website"},"datePublished":"2019-06-05T15:48:11+00:00","dateModified":"2020-03-26T16:07:29+00:00","breadcrumb":{"@id":"https:\/\/lezbetalen.be\/it\/avada_faq\/oggi-il-mio-veicolo-e-entrato-nella-zona-a-bassa-emissione-come-dovro-procedere-adesso\/#breadcrumb"},"inLanguage":"it-IT","potentialAction":[{"@type":"ReadAction","target":["https:\/\/lezbetalen.be\/it\/avada_faq\/oggi-il-mio-veicolo-e-entrato-nella-zona-a-bassa-emissione-come-dovro-procedere-adesso\/"]}]},{"@type":"BreadcrumbList","@id":"https:\/\/lezbetalen.be\/it\/avada_faq\/oggi-il-mio-veicolo-e-entrato-nella-zona-a-bassa-emissione-come-dovro-procedere-adesso\/#breadcrumb","itemListElement":[{"@type":"ListItem","position":1,"name":"Home","item":"https:\/\/lezbetalen.be\/it\/"},{"@type":"ListItem","position":2,"name":"FAQs","item":"https:\/\/lezbetalen.be\/it\/avada_faq\/"},{"@type":"ListItem","position":3,"name":"Oggi il mio veicolo \u00e8 entrato nella zona a bassa emissione. Come dovr\u00f2 procedere adesso?"}]},{"@type":"WebSite","@id":"https:\/\/lezbetalen.be\/#website","url":"https:\/\/lezbetalen.be\/","name":"LEZ","description":"","potentialAction":[{"@type":"SearchAction","target":{"@type":"EntryPoint","urlTemplate":"https:\/\/lezbetalen.be\/?s={search_term_string}"},"query-input":{"@type":"PropertyValueSpecification","valueRequired":true,"valueName":"search_term_string"}}],"inLanguage":"it-IT"}]}},"_links":{"self":[{"href":"https:\/\/lezbetalen.be\/it\/wp-json\/wp\/v2\/avada_faq\/2238","targetHints":{"allow":["GET"]}}],"collection":[{"href":"https:\/\/lezbetalen.be\/it\/wp-json\/wp\/v2\/avada_faq"}],"about":[{"href":"https:\/\/lezbetalen.be\/it\/wp-json\/wp\/v2\/types\/avada_faq"}],"author":[{"embeddable":true,"href":"https:\/\/lezbetalen.be\/it\/wp-json\/wp\/v2\/users\/7"}],"replies":[{"embeddable":true,"href":"https:\/\/lezbetalen.be\/it\/wp-json\/wp\/v2\/comments?post=2238"}],"version-history":[{"count":3,"href":"https:\/\/lezbetalen.be\/it\/wp-json\/wp\/v2\/avada_faq\/2238\/revisions"}],"predecessor-version":[{"id":3272,"href":"https:\/\/lezbetalen.be\/it\/wp-json\/wp\/v2\/avada_faq\/2238\/revisions\/3272"}],"wp:attachment":[{"href":"https:\/\/lezbetalen.be\/it\/wp-json\/wp\/v2\/media?parent=2238"}],"wp:term":[{"taxonomy":"faq_category","embeddable":true,"href":"https:\/\/lezbetalen.be\/it\/wp-json\/wp\/v2\/faq_category?post=2238"}],"curies":[{"name":"wp","href":"https:\/\/api.w.org\/{rel}","templated":true}]}}

Oggi il mio veicolo è entrato nella zona a bassa emissione. Come dovrò procedere adesso?

<p>Se il tuo veicolo soddisfa le <a href="https://www.slimnaarantwerpen.be/nl/lez/check-uw-voertuig/toelatingsvoorwaarden">condizioni di ammissione</a> devi <a href="https://lez.antwerpen.be/">registrarlo</a>. La registrazione può essere effettuata online o presso uno dei <a href="https://www.slimnaarantwerpen.be/nl/lez/lez-automaten">distributori automatici LEZ</a> al più tardi il giorno successivo al tuo ingresso nella LEZ.</p>
<p>Se il veicolo non è in regola con i requisiti di accesso, è possibile acquistare il giorno stesso un <a href="https://lez.antwerpen.be/?Taal=nl">Pass LEZ</a> giornaliero valido fino alle 6 a.m. dell’indomani online, presso uno dei parchimetri touchscreen nel centro-città o presso un <a href="https://www.slimnaarantwerpen.be/nl/lez/lez-automaten">apposito distributore LEZ</a>.</p>

<p>Se il tuo veicolo soddisfa le condizioni di ammissione devi registrarlo. La registrazione può essere effettuata online o presso uno dei distributori automatici LEZ al più tardi il giorno successivo al tuo ingresso nella LEZ. Se il veicolo non è in regola con i requisiti di accesso, è possibile acquistare il giorno stesso un Pass LEZ giornaliero valido [&hellip;]</p>

<!-- This site is optimized with the Yoast SEO plugin v27.5 - https://yoast.com/product/yoast-seo-wordpress/ -->
<title>Oggi il mio veicolo è entrato nella zona a bassa emissione. Come dovrò procedere adesso? - LEZ</title>
<meta name="robots" content="index, follow, max-snippet:-1, max-image-preview:large, max-video-preview:-1" />
<link rel="canonical" href="https://lezbetalen.be/it/avada_faq/oggi-il-mio-veicolo-e-entrato-nella-zona-a-bassa-emissione-come-dovro-procedere-adesso/" />
<meta property="og:locale" content="it_IT" />
<meta property="og:type" content="article" />
<meta property="og:title" content="Oggi il mio veicolo è entrato nella zona a bassa emissione. Come dovrò procedere adesso? - LEZ" />
<meta property="og:description" content="Se il tuo veicolo soddisfa le condizioni di ammissione devi registrarlo. La registrazione può essere effettuata online o presso uno dei distributori automatici LEZ al più tardi il giorno successivo al tuo ingresso nella LEZ. Se il veicolo non è in regola con i requisiti di accesso, è possibile acquistare il giorno stesso un Pass LEZ giornaliero valido [&hellip;]" />
<meta property="og:url" content="https://lezbetalen.be/it/avada_faq/oggi-il-mio-veicolo-e-entrato-nella-zona-a-bassa-emissione-come-dovro-procedere-adesso/" />
<meta property="og:site_name" content="LEZ" />
<meta property="article:modified_time" content="2020-03-26T16:07:29+00:00" />
<meta name="twitter:card" content="summary_large_image" />
<script type="application/ld+json" class="yoast-schema-graph">{"@context":"https:\/\/schema.org","@graph":[{"@type":"WebPage","@id":"https:\/\/lezbetalen.be\/it\/avada_faq\/oggi-il-mio-veicolo-e-entrato-nella-zona-a-bassa-emissione-come-dovro-procedere-adesso\/","url":"https:\/\/lezbetalen.be\/it\/avada_faq\/oggi-il-mio-veicolo-e-entrato-nella-zona-a-bassa-emissione-come-dovro-procedere-adesso\/","name":"Oggi il mio veicolo è entrato nella zona a bassa emissione. Come dovrò procedere adesso? - LEZ","isPartOf":{"@id":"https:\/\/lezbetalen.be\/#website"},"datePublished":"2019-06-05T15:48:11+00:00","dateModified":"2020-03-26T16:07:29+00:00","breadcrumb":{"@id":"https:\/\/lezbetalen.be\/it\/avada_faq\/oggi-il-mio-veicolo-e-entrato-nella-zona-a-bassa-emissione-come-dovro-procedere-adesso\/#breadcrumb"},"inLanguage":"it-IT","potentialAction":[{"@type":"ReadAction","target":["https:\/\/lezbetalen.be\/it\/avada_faq\/oggi-il-mio-veicolo-e-entrato-nella-zona-a-bassa-emissione-come-dovro-procedere-adesso\/"]}]},{"@type":"BreadcrumbList","@id":"https:\/\/lezbetalen.be\/it\/avada_faq\/oggi-il-mio-veicolo-e-entrato-nella-zona-a-bassa-emissione-come-dovro-procedere-adesso\/#breadcrumb","itemListElement":[{"@type":"ListItem","position":1,"name":"Home","item":"https:\/\/lezbetalen.be\/it\/"},{"@type":"ListItem","position":2,"name":"FAQs","item":"https:\/\/lezbetalen.be\/it\/avada_faq\/"},{"@type":"ListItem","position":3,"name":"Oggi il mio veicolo è entrato nella zona a bassa emissione. Come dovrò procedere adesso?"}]},{"@type":"WebSite","@id":"https:\/\/lezbetalen.be\/#website","url":"https:\/\/lezbetalen.be\/","name":"LEZ","description":"","potentialAction":[{"@type":"SearchAction","target":{"@type":"EntryPoint","urlTemplate":"https:\/\/lezbetalen.be\/?s={search_term_string}"},"query-input":{"@type":"PropertyValueSpecification","valueRequired":true,"valueName":"search_term_string"}}],"inLanguage":"it-IT"}]}</script>
<!-- / Yoast SEO plugin. -->

Oggi il mio veicolo è entrato nella zona a bassa emissione. Come dovrò procedere adesso? - LEZ

Se il tuo veicolo soddisfa le condizioni di ammissione devi registrarlo. La registrazione può essere effettuata online o presso uno dei distributori automatici LEZ al più tardi il giorno successivo al tuo ingresso nella LEZ. Se il veicolo non è in regola con i requisiti di accesso, è possibile acquistare il giorno stesso un Pass LEZ giornaliero valido [&hellip;]
