{"id":3152,"date":"2020-03-26T14:00:32","date_gmt":"2020-03-26T14:00:32","guid":{"rendered":"https:\/\/lezbetalen.be\/?post_type=avada_faq&#038;p=3152"},"modified":"2020-03-26T14:00:32","modified_gmt":"2020-03-26T14:00:32","slug":"o-que-acontece-se-eu-nao-registar-o-meu-veiculo-2","status":"publish","type":"avada_faq","link":"https:\/\/lezbetalen.be\/pt-pt\/avada_faq\/o-que-acontece-se-eu-nao-registar-o-meu-veiculo-2\/","title":{"rendered":"O que acontece se eu n\u00e3o registar o meu ve\u00edculo?"},"content":{"rendered":"<p>Se voc\u00ea entrar na LEZ sem registrar o seu ve\u00edculo a tempo, ele ser\u00e1 inclu\u00eddo na lista de ve\u00edculos n\u00e3o autorizados no procedimento de cobran\u00e7a. Ser-lhe-\u00e1 ent\u00e3o aplicada uma multa administrativa. O registo \u00e9 obrigat\u00f3rio e deve ser completado dentro do prazo exigido. A este respeito, a data de registo \u00e9 decisiva: se registar o seu ve\u00edculo ap\u00f3s a aplica\u00e7\u00e3o da multa, a multa continuar\u00e1 a ser devida.<\/p>\n<p><a href=\"https:\/\/www.slimnaarantwerpen.be\/en\/LEZ\/register-your-vehicle\">Aqui<\/a>\u00a0encontrar\u00e1 mais informa\u00e7\u00f5es sobre como registar o seu ve\u00edculo.<\/p>\n","protected":false},"excerpt":{"rendered":"<p>Se voc\u00ea entrar na LEZ sem registrar o seu ve\u00edculo a tempo, ele ser\u00e1 inclu\u00eddo na lista de ve\u00edculos n\u00e3o autorizados no procedimento de cobran\u00e7a. Ser-lhe-\u00e1 ent\u00e3o aplicada uma multa administrativa. O registo \u00e9 obrigat\u00f3rio e deve ser completado dentro do prazo exigido. A este respeito, a data de registo \u00e9 decisiva: se registar o [&hellip;]<\/p>\n","protected":false},"author":7,"featured_media":0,"menu_order":0,"comment_status":"closed","ping_status":"closed","template":"","format":"standard","meta":{"footnotes":""},"faq_category":[],"class_list":["post-3152","avada_faq","type-avada_faq","status-publish","format-standard","hentry"],"yoast_head":"<!-- This site is optimized with the Yoast SEO plugin v27.5 - https:\/\/yoast.com\/product\/yoast-seo-wordpress\/ -->\n<title>O que acontece se eu n\u00e3o registar o meu ve\u00edculo? - LEZ<\/title>\n<meta name=\"robots\" content=\"index, follow, max-snippet:-1, max-image-preview:large, max-video-preview:-1\" \/>\n<link rel=\"canonical\" href=\"https:\/\/lezbetalen.be\/pt-pt\/avada_faq\/o-que-acontece-se-eu-nao-registar-o-meu-veiculo-2\/\" \/>\n<meta property=\"og:locale\" content=\"pt_PT\" \/>\n<meta property=\"og:type\" content=\"article\" \/>\n<meta property=\"og:title\" content=\"O que acontece se eu n\u00e3o registar o meu ve\u00edculo? - LEZ\" \/>\n<meta property=\"og:description\" content=\"Se voc\u00ea entrar na LEZ sem registrar o seu ve\u00edculo a tempo, ele ser\u00e1 inclu\u00eddo na lista de ve\u00edculos n\u00e3o autorizados no procedimento de cobran\u00e7a. Ser-lhe-\u00e1 ent\u00e3o aplicada uma multa administrativa. O registo \u00e9 obrigat\u00f3rio e deve ser completado dentro do prazo exigido. A este respeito, a data de registo \u00e9 decisiva: se registar o [&hellip;]\" \/>\n<meta property=\"og:url\" content=\"https:\/\/lezbetalen.be\/pt-pt\/avada_faq\/o-que-acontece-se-eu-nao-registar-o-meu-veiculo-2\/\" \/>\n<meta property=\"og:site_name\" content=\"LEZ\" \/>\n<meta name=\"twitter:card\" content=\"summary_large_image\" \/>\n<script type=\"application\/ld+json\" class=\"yoast-schema-graph\">{\"@context\":\"https:\\\/\\\/schema.org\",\"@graph\":[{\"@type\":\"WebPage\",\"@id\":\"https:\\\/\\\/lezbetalen.be\\\/pt-pt\\\/avada_faq\\\/o-que-acontece-se-eu-nao-registar-o-meu-veiculo-2\\\/\",\"url\":\"https:\\\/\\\/lezbetalen.be\\\/pt-pt\\\/avada_faq\\\/o-que-acontece-se-eu-nao-registar-o-meu-veiculo-2\\\/\",\"name\":\"O que acontece se eu n\u00e3o registar o meu ve\u00edculo? - LEZ\",\"isPartOf\":{\"@id\":\"https:\\\/\\\/lezbetalen.be\\\/#website\"},\"datePublished\":\"2020-03-26T14:00:32+00:00\",\"breadcrumb\":{\"@id\":\"https:\\\/\\\/lezbetalen.be\\\/pt-pt\\\/avada_faq\\\/o-que-acontece-se-eu-nao-registar-o-meu-veiculo-2\\\/#breadcrumb\"},\"inLanguage\":\"pt-PT\",\"potentialAction\":[{\"@type\":\"ReadAction\",\"target\":[\"https:\\\/\\\/lezbetalen.be\\\/pt-pt\\\/avada_faq\\\/o-que-acontece-se-eu-nao-registar-o-meu-veiculo-2\\\/\"]}]},{\"@type\":\"BreadcrumbList\",\"@id\":\"https:\\\/\\\/lezbetalen.be\\\/pt-pt\\\/avada_faq\\\/o-que-acontece-se-eu-nao-registar-o-meu-veiculo-2\\\/#breadcrumb\",\"itemListElement\":[{\"@type\":\"ListItem\",\"position\":1,\"name\":\"Home\",\"item\":\"https:\\\/\\\/lezbetalen.be\\\/pt-pt\\\/\"},{\"@type\":\"ListItem\",\"position\":2,\"name\":\"FAQs\",\"item\":\"https:\\\/\\\/lezbetalen.be\\\/it\\\/avada_faq\\\/\"},{\"@type\":\"ListItem\",\"position\":3,\"name\":\"O que acontece se eu n\u00e3o registar o meu ve\u00edculo?\"}]},{\"@type\":\"WebSite\",\"@id\":\"https:\\\/\\\/lezbetalen.be\\\/#website\",\"url\":\"https:\\\/\\\/lezbetalen.be\\\/\",\"name\":\"LEZ\",\"description\":\"\",\"potentialAction\":[{\"@type\":\"SearchAction\",\"target\":{\"@type\":\"EntryPoint\",\"urlTemplate\":\"https:\\\/\\\/lezbetalen.be\\\/?s={search_term_string}\"},\"query-input\":{\"@type\":\"PropertyValueSpecification\",\"valueRequired\":true,\"valueName\":\"search_term_string\"}}],\"inLanguage\":\"pt-PT\"}]}<\/script>\n<!-- \/ Yoast SEO plugin. -->","yoast_head_json":{"title":"O que acontece se eu n\u00e3o registar o meu ve\u00edculo? - LEZ","robots":{"index":"index","follow":"follow","max-snippet":"max-snippet:-1","max-image-preview":"max-image-preview:large","max-video-preview":"max-video-preview:-1"},"canonical":"https:\/\/lezbetalen.be\/pt-pt\/avada_faq\/o-que-acontece-se-eu-nao-registar-o-meu-veiculo-2\/","og_locale":"pt_PT","og_type":"article","og_title":"O que acontece se eu n\u00e3o registar o meu ve\u00edculo? - LEZ","og_description":"Se voc\u00ea entrar na LEZ sem registrar o seu ve\u00edculo a tempo, ele ser\u00e1 inclu\u00eddo na lista de ve\u00edculos n\u00e3o autorizados no procedimento de cobran\u00e7a. Ser-lhe-\u00e1 ent\u00e3o aplicada uma multa administrativa. O registo \u00e9 obrigat\u00f3rio e deve ser completado dentro do prazo exigido. A este respeito, a data de registo \u00e9 decisiva: se registar o [&hellip;]","og_url":"https:\/\/lezbetalen.be\/pt-pt\/avada_faq\/o-que-acontece-se-eu-nao-registar-o-meu-veiculo-2\/","og_site_name":"LEZ","twitter_card":"summary_large_image","schema":{"@context":"https:\/\/schema.org","@graph":[{"@type":"WebPage","@id":"https:\/\/lezbetalen.be\/pt-pt\/avada_faq\/o-que-acontece-se-eu-nao-registar-o-meu-veiculo-2\/","url":"https:\/\/lezbetalen.be\/pt-pt\/avada_faq\/o-que-acontece-se-eu-nao-registar-o-meu-veiculo-2\/","name":"O que acontece se eu n\u00e3o registar o meu ve\u00edculo? - LEZ","isPartOf":{"@id":"https:\/\/lezbetalen.be\/#website"},"datePublished":"2020-03-26T14:00:32+00:00","breadcrumb":{"@id":"https:\/\/lezbetalen.be\/pt-pt\/avada_faq\/o-que-acontece-se-eu-nao-registar-o-meu-veiculo-2\/#breadcrumb"},"inLanguage":"pt-PT","potentialAction":[{"@type":"ReadAction","target":["https:\/\/lezbetalen.be\/pt-pt\/avada_faq\/o-que-acontece-se-eu-nao-registar-o-meu-veiculo-2\/"]}]},{"@type":"BreadcrumbList","@id":"https:\/\/lezbetalen.be\/pt-pt\/avada_faq\/o-que-acontece-se-eu-nao-registar-o-meu-veiculo-2\/#breadcrumb","itemListElement":[{"@type":"ListItem","position":1,"name":"Home","item":"https:\/\/lezbetalen.be\/pt-pt\/"},{"@type":"ListItem","position":2,"name":"FAQs","item":"https:\/\/lezbetalen.be\/it\/avada_faq\/"},{"@type":"ListItem","position":3,"name":"O que acontece se eu n\u00e3o registar o meu ve\u00edculo?"}]},{"@type":"WebSite","@id":"https:\/\/lezbetalen.be\/#website","url":"https:\/\/lezbetalen.be\/","name":"LEZ","description":"","potentialAction":[{"@type":"SearchAction","target":{"@type":"EntryPoint","urlTemplate":"https:\/\/lezbetalen.be\/?s={search_term_string}"},"query-input":{"@type":"PropertyValueSpecification","valueRequired":true,"valueName":"search_term_string"}}],"inLanguage":"pt-PT"}]}},"_links":{"self":[{"href":"https:\/\/lezbetalen.be\/pt-pt\/wp-json\/wp\/v2\/avada_faq\/3152","targetHints":{"allow":["GET"]}}],"collection":[{"href":"https:\/\/lezbetalen.be\/pt-pt\/wp-json\/wp\/v2\/avada_faq"}],"about":[{"href":"https:\/\/lezbetalen.be\/pt-pt\/wp-json\/wp\/v2\/types\/avada_faq"}],"author":[{"embeddable":true,"href":"https:\/\/lezbetalen.be\/pt-pt\/wp-json\/wp\/v2\/users\/7"}],"replies":[{"embeddable":true,"href":"https:\/\/lezbetalen.be\/pt-pt\/wp-json\/wp\/v2\/comments?post=3152"}],"version-history":[{"count":1,"href":"https:\/\/lezbetalen.be\/pt-pt\/wp-json\/wp\/v2\/avada_faq\/3152\/revisions"}],"predecessor-version":[{"id":3153,"href":"https:\/\/lezbetalen.be\/pt-pt\/wp-json\/wp\/v2\/avada_faq\/3152\/revisions\/3153"}],"wp:attachment":[{"href":"https:\/\/lezbetalen.be\/pt-pt\/wp-json\/wp\/v2\/media?parent=3152"}],"wp:term":[{"taxonomy":"faq_category","embeddable":true,"href":"https:\/\/lezbetalen.be\/pt-pt\/wp-json\/wp\/v2\/faq_category?post=3152"}],"curies":[{"name":"wp","href":"https:\/\/api.w.org\/{rel}","templated":true}]}}

O que acontece se eu não registar o meu veículo?

<p>Se você entrar na LEZ sem registrar o seu veículo a tempo, ele será incluído na lista de veículos não autorizados no procedimento de cobrança. Ser-lhe-á então aplicada uma multa administrativa. O registo é obrigatório e deve ser completado dentro do prazo exigido. A este respeito, a data de registo é decisiva: se registar o seu veículo após a aplicação da multa, a multa continuará a ser devida.</p>
<p><a href="https://www.slimnaarantwerpen.be/en/LEZ/register-your-vehicle">Aqui</a> encontrará mais informações sobre como registar o seu veículo.</p>

<p>Se você entrar na LEZ sem registrar o seu veículo a tempo, ele será incluído na lista de veículos não autorizados no procedimento de cobrança. Ser-lhe-á então aplicada uma multa administrativa. O registo é obrigatório e deve ser completado dentro do prazo exigido. A este respeito, a data de registo é decisiva: se registar o [&hellip;]</p>

<!-- This site is optimized with the Yoast SEO plugin v27.5 - https://yoast.com/product/yoast-seo-wordpress/ -->
<title>O que acontece se eu não registar o meu veículo? - LEZ</title>
<meta name="robots" content="index, follow, max-snippet:-1, max-image-preview:large, max-video-preview:-1" />
<link rel="canonical" href="https://lezbetalen.be/pt-pt/avada_faq/o-que-acontece-se-eu-nao-registar-o-meu-veiculo-2/" />
<meta property="og:locale" content="pt_PT" />
<meta property="og:type" content="article" />
<meta property="og:title" content="O que acontece se eu não registar o meu veículo? - LEZ" />
<meta property="og:description" content="Se você entrar na LEZ sem registrar o seu veículo a tempo, ele será incluído na lista de veículos não autorizados no procedimento de cobrança. Ser-lhe-á então aplicada uma multa administrativa. O registo é obrigatório e deve ser completado dentro do prazo exigido. A este respeito, a data de registo é decisiva: se registar o [&hellip;]" />
<meta property="og:url" content="https://lezbetalen.be/pt-pt/avada_faq/o-que-acontece-se-eu-nao-registar-o-meu-veiculo-2/" />
<meta property="og:site_name" content="LEZ" />
<meta name="twitter:card" content="summary_large_image" />
<script type="application/ld+json" class="yoast-schema-graph">{"@context":"https:\/\/schema.org","@graph":[{"@type":"WebPage","@id":"https:\/\/lezbetalen.be\/pt-pt\/avada_faq\/o-que-acontece-se-eu-nao-registar-o-meu-veiculo-2\/","url":"https:\/\/lezbetalen.be\/pt-pt\/avada_faq\/o-que-acontece-se-eu-nao-registar-o-meu-veiculo-2\/","name":"O que acontece se eu não registar o meu veículo? - LEZ","isPartOf":{"@id":"https:\/\/lezbetalen.be\/#website"},"datePublished":"2020-03-26T14:00:32+00:00","breadcrumb":{"@id":"https:\/\/lezbetalen.be\/pt-pt\/avada_faq\/o-que-acontece-se-eu-nao-registar-o-meu-veiculo-2\/#breadcrumb"},"inLanguage":"pt-PT","potentialAction":[{"@type":"ReadAction","target":["https:\/\/lezbetalen.be\/pt-pt\/avada_faq\/o-que-acontece-se-eu-nao-registar-o-meu-veiculo-2\/"]}]},{"@type":"BreadcrumbList","@id":"https:\/\/lezbetalen.be\/pt-pt\/avada_faq\/o-que-acontece-se-eu-nao-registar-o-meu-veiculo-2\/#breadcrumb","itemListElement":[{"@type":"ListItem","position":1,"name":"Home","item":"https:\/\/lezbetalen.be\/pt-pt\/"},{"@type":"ListItem","position":2,"name":"FAQs","item":"https:\/\/lezbetalen.be\/it\/avada_faq\/"},{"@type":"ListItem","position":3,"name":"O que acontece se eu não registar o meu veículo?"}]},{"@type":"WebSite","@id":"https:\/\/lezbetalen.be\/#website","url":"https:\/\/lezbetalen.be\/","name":"LEZ","description":"","potentialAction":[{"@type":"SearchAction","target":{"@type":"EntryPoint","urlTemplate":"https:\/\/lezbetalen.be\/?s={search_term_string}"},"query-input":{"@type":"PropertyValueSpecification","valueRequired":true,"valueName":"search_term_string"}}],"inLanguage":"pt-PT"}]}</script>
<!-- / Yoast SEO plugin. -->

O que acontece se eu não registar o meu veículo? - LEZ

Se você entrar na LEZ sem registrar o seu veículo a tempo, ele será incluído na lista de veículos não autorizados no procedimento de cobrança. Ser-lhe-á então aplicada uma multa administrativa. O registo é obrigatório e deve ser completado dentro do prazo exigido. A este respeito, a data de registo é decisiva: se registar o [&hellip;]
