{"id":2811,"date":"2020-03-25T13:35:43","date_gmt":"2020-03-25T13:35:43","guid":{"rendered":"https:\/\/lezbetalen.be\/?post_type=avada_faq&#038;p=2811"},"modified":"2020-03-25T13:35:43","modified_gmt":"2020-03-25T13:35:43","slug":"nevedel-som-o-tom-ze-nez-v-antverpach-sa-vztahuje-aj-na-zahranicne-vozidla-2","status":"publish","type":"avada_faq","link":"https:\/\/lezbetalen.be\/sk\/avada_faq\/nevedel-som-o-tom-ze-nez-v-antverpach-sa-vztahuje-aj-na-zahranicne-vozidla-2\/","title":{"rendered":"Nevedel som o tom, \u017ee NEZ v Antverp\u00e1ch sa vz\u0165ahuje aj na zahrani\u010dn\u00e9 vozidl\u00e1."},"content":{"rendered":"<p>NEZ je zdravotn\u00e9 opatrenie. Vz\u0165ahuje sa teda na v\u0161etky vozidl\u00e1 v meste, obyvate\u013eov a n\u00e1v\u0161tevn\u00edkov. Okrem toho existuje povinnos\u0165 registr\u00e1cie zahrani\u010dn\u00fdch vozidiel, ke\u010f\u017ee mesto automaticky neposkytuje \u00fadaje o vozidle. To znamen\u00e1, \u017ee zahrani\u010dn\u00e9 vozidl\u00e1, ktor\u00e9 sp\u013a\u0148aj\u00fa po\u017eiadavky na vstup, sa musia zaregistrova\u0165 vo fl\u00e1mskej datab\u00e1ze NEZ prostredn\u00edctvom n\u00e1\u0161ho\u00a0<a href=\"https:\/\/lez.antwerpen.be\/?Taal=EN\">registra\u010dn\u00e9ho n\u00e1stroja<\/a>. Zahrani\u010dn\u00e9 vozidl\u00e1, ktor\u00e9 nesp\u013a\u0148aj\u00fa po\u017eiadavky na vstup si musia pred vstupom do NEZ zak\u00fapi\u0165 vstup alebo denn\u00fd preukaz NEZ.<\/p>\n<p>NEZ je v\u017edy ozna\u010den\u00fd z\u00f3nov\u00fdmi zna\u010dkami F117 a F118 a F118 a\u00a0predvstupn\u00fdmi tabu\u013eami NEZ. Tieto tabule zaru\u010duj\u00fa, \u017ee sa do NEZ nedostanete n\u00e1hodne.<\/p>\n","protected":false},"excerpt":{"rendered":"<p>NEZ je zdravotn\u00e9 opatrenie. Vz\u0165ahuje sa teda na v\u0161etky vozidl\u00e1 v meste, obyvate\u013eov a n\u00e1v\u0161tevn\u00edkov. Okrem toho existuje povinnos\u0165 registr\u00e1cie zahrani\u010dn\u00fdch vozidiel, ke\u010f\u017ee mesto automaticky neposkytuje \u00fadaje o vozidle. To znamen\u00e1, \u017ee zahrani\u010dn\u00e9 vozidl\u00e1, ktor\u00e9 sp\u013a\u0148aj\u00fa po\u017eiadavky na vstup, sa musia zaregistrova\u0165 vo fl\u00e1mskej datab\u00e1ze NEZ prostredn\u00edctvom n\u00e1\u0161ho\u00a0registra\u010dn\u00e9ho n\u00e1stroja. Zahrani\u010dn\u00e9 vozidl\u00e1, ktor\u00e9 nesp\u013a\u0148aj\u00fa po\u017eiadavky na [&hellip;]<\/p>\n","protected":false},"author":7,"featured_media":0,"menu_order":0,"comment_status":"closed","ping_status":"closed","template":"","format":"standard","meta":{"footnotes":""},"faq_category":[86],"class_list":["post-2811","avada_faq","type-avada_faq","status-publish","format-standard","hentry","faq_category-odvolanie-a-staznosti"],"yoast_head":"<!-- This site is optimized with the Yoast SEO plugin v27.5 - https:\/\/yoast.com\/product\/yoast-seo-wordpress\/ -->\n<title>Nevedel som o tom, \u017ee NEZ v Antverp\u00e1ch sa vz\u0165ahuje aj na zahrani\u010dn\u00e9 vozidl\u00e1. - LEZ<\/title>\n<meta name=\"robots\" content=\"index, follow, max-snippet:-1, max-image-preview:large, max-video-preview:-1\" \/>\n<link rel=\"canonical\" href=\"https:\/\/lezbetalen.be\/sk\/avada_faq\/nevedel-som-o-tom-ze-nez-v-antverpach-sa-vztahuje-aj-na-zahranicne-vozidla-2\/\" \/>\n<meta property=\"og:locale\" content=\"sk_SK\" \/>\n<meta property=\"og:type\" content=\"article\" \/>\n<meta property=\"og:title\" content=\"Nevedel som o tom, \u017ee NEZ v Antverp\u00e1ch sa vz\u0165ahuje aj na zahrani\u010dn\u00e9 vozidl\u00e1. - LEZ\" \/>\n<meta property=\"og:description\" content=\"NEZ je zdravotn\u00e9 opatrenie. Vz\u0165ahuje sa teda na v\u0161etky vozidl\u00e1 v meste, obyvate\u013eov a n\u00e1v\u0161tevn\u00edkov. Okrem toho existuje povinnos\u0165 registr\u00e1cie zahrani\u010dn\u00fdch vozidiel, ke\u010f\u017ee mesto automaticky neposkytuje \u00fadaje o vozidle. To znamen\u00e1, \u017ee zahrani\u010dn\u00e9 vozidl\u00e1, ktor\u00e9 sp\u013a\u0148aj\u00fa po\u017eiadavky na vstup, sa musia zaregistrova\u0165 vo fl\u00e1mskej datab\u00e1ze NEZ prostredn\u00edctvom n\u00e1\u0161ho\u00a0registra\u010dn\u00e9ho n\u00e1stroja. Zahrani\u010dn\u00e9 vozidl\u00e1, ktor\u00e9 nesp\u013a\u0148aj\u00fa po\u017eiadavky na [&hellip;]\" \/>\n<meta property=\"og:url\" content=\"https:\/\/lezbetalen.be\/sk\/avada_faq\/nevedel-som-o-tom-ze-nez-v-antverpach-sa-vztahuje-aj-na-zahranicne-vozidla-2\/\" \/>\n<meta property=\"og:site_name\" content=\"LEZ\" \/>\n<meta name=\"twitter:card\" content=\"summary_large_image\" \/>\n<meta name=\"twitter:label1\" content=\"Predpokladan\u00fd \u010das \u010d\u00edtania\" \/>\n\t<meta name=\"twitter:data1\" content=\"1 min\u00fata\" \/>\n<script type=\"application\/ld+json\" class=\"yoast-schema-graph\">{\"@context\":\"https:\\\/\\\/schema.org\",\"@graph\":[{\"@type\":\"WebPage\",\"@id\":\"https:\\\/\\\/lezbetalen.be\\\/sk\\\/avada_faq\\\/nevedel-som-o-tom-ze-nez-v-antverpach-sa-vztahuje-aj-na-zahranicne-vozidla-2\\\/\",\"url\":\"https:\\\/\\\/lezbetalen.be\\\/sk\\\/avada_faq\\\/nevedel-som-o-tom-ze-nez-v-antverpach-sa-vztahuje-aj-na-zahranicne-vozidla-2\\\/\",\"name\":\"Nevedel som o tom, \u017ee NEZ v Antverp\u00e1ch sa vz\u0165ahuje aj na zahrani\u010dn\u00e9 vozidl\u00e1. - LEZ\",\"isPartOf\":{\"@id\":\"https:\\\/\\\/lezbetalen.be\\\/#website\"},\"datePublished\":\"2020-03-25T13:35:43+00:00\",\"breadcrumb\":{\"@id\":\"https:\\\/\\\/lezbetalen.be\\\/sk\\\/avada_faq\\\/nevedel-som-o-tom-ze-nez-v-antverpach-sa-vztahuje-aj-na-zahranicne-vozidla-2\\\/#breadcrumb\"},\"inLanguage\":\"sk-SK\",\"potentialAction\":[{\"@type\":\"ReadAction\",\"target\":[\"https:\\\/\\\/lezbetalen.be\\\/sk\\\/avada_faq\\\/nevedel-som-o-tom-ze-nez-v-antverpach-sa-vztahuje-aj-na-zahranicne-vozidla-2\\\/\"]}]},{\"@type\":\"BreadcrumbList\",\"@id\":\"https:\\\/\\\/lezbetalen.be\\\/sk\\\/avada_faq\\\/nevedel-som-o-tom-ze-nez-v-antverpach-sa-vztahuje-aj-na-zahranicne-vozidla-2\\\/#breadcrumb\",\"itemListElement\":[{\"@type\":\"ListItem\",\"position\":1,\"name\":\"Home\",\"item\":\"https:\\\/\\\/lezbetalen.be\\\/sk\\\/\"},{\"@type\":\"ListItem\",\"position\":2,\"name\":\"FAQs\",\"item\":\"https:\\\/\\\/lezbetalen.be\\\/it\\\/avada_faq\\\/\"},{\"@type\":\"ListItem\",\"position\":3,\"name\":\"Nevedel som o tom, \u017ee NEZ v Antverp\u00e1ch sa vz\u0165ahuje aj na zahrani\u010dn\u00e9 vozidl\u00e1.\"}]},{\"@type\":\"WebSite\",\"@id\":\"https:\\\/\\\/lezbetalen.be\\\/#website\",\"url\":\"https:\\\/\\\/lezbetalen.be\\\/\",\"name\":\"LEZ\",\"description\":\"\",\"potentialAction\":[{\"@type\":\"SearchAction\",\"target\":{\"@type\":\"EntryPoint\",\"urlTemplate\":\"https:\\\/\\\/lezbetalen.be\\\/?s={search_term_string}\"},\"query-input\":{\"@type\":\"PropertyValueSpecification\",\"valueRequired\":true,\"valueName\":\"search_term_string\"}}],\"inLanguage\":\"sk-SK\"}]}<\/script>\n<!-- \/ Yoast SEO plugin. -->","yoast_head_json":{"title":"Nevedel som o tom, \u017ee NEZ v Antverp\u00e1ch sa vz\u0165ahuje aj na zahrani\u010dn\u00e9 vozidl\u00e1. - LEZ","robots":{"index":"index","follow":"follow","max-snippet":"max-snippet:-1","max-image-preview":"max-image-preview:large","max-video-preview":"max-video-preview:-1"},"canonical":"https:\/\/lezbetalen.be\/sk\/avada_faq\/nevedel-som-o-tom-ze-nez-v-antverpach-sa-vztahuje-aj-na-zahranicne-vozidla-2\/","og_locale":"sk_SK","og_type":"article","og_title":"Nevedel som o tom, \u017ee NEZ v Antverp\u00e1ch sa vz\u0165ahuje aj na zahrani\u010dn\u00e9 vozidl\u00e1. - LEZ","og_description":"NEZ je zdravotn\u00e9 opatrenie. Vz\u0165ahuje sa teda na v\u0161etky vozidl\u00e1 v meste, obyvate\u013eov a n\u00e1v\u0161tevn\u00edkov. Okrem toho existuje povinnos\u0165 registr\u00e1cie zahrani\u010dn\u00fdch vozidiel, ke\u010f\u017ee mesto automaticky neposkytuje \u00fadaje o vozidle. To znamen\u00e1, \u017ee zahrani\u010dn\u00e9 vozidl\u00e1, ktor\u00e9 sp\u013a\u0148aj\u00fa po\u017eiadavky na vstup, sa musia zaregistrova\u0165 vo fl\u00e1mskej datab\u00e1ze NEZ prostredn\u00edctvom n\u00e1\u0161ho\u00a0registra\u010dn\u00e9ho n\u00e1stroja. Zahrani\u010dn\u00e9 vozidl\u00e1, ktor\u00e9 nesp\u013a\u0148aj\u00fa po\u017eiadavky na [&hellip;]","og_url":"https:\/\/lezbetalen.be\/sk\/avada_faq\/nevedel-som-o-tom-ze-nez-v-antverpach-sa-vztahuje-aj-na-zahranicne-vozidla-2\/","og_site_name":"LEZ","twitter_card":"summary_large_image","twitter_misc":{"Predpokladan\u00fd \u010das \u010d\u00edtania":"1 min\u00fata"},"schema":{"@context":"https:\/\/schema.org","@graph":[{"@type":"WebPage","@id":"https:\/\/lezbetalen.be\/sk\/avada_faq\/nevedel-som-o-tom-ze-nez-v-antverpach-sa-vztahuje-aj-na-zahranicne-vozidla-2\/","url":"https:\/\/lezbetalen.be\/sk\/avada_faq\/nevedel-som-o-tom-ze-nez-v-antverpach-sa-vztahuje-aj-na-zahranicne-vozidla-2\/","name":"Nevedel som o tom, \u017ee NEZ v Antverp\u00e1ch sa vz\u0165ahuje aj na zahrani\u010dn\u00e9 vozidl\u00e1. - LEZ","isPartOf":{"@id":"https:\/\/lezbetalen.be\/#website"},"datePublished":"2020-03-25T13:35:43+00:00","breadcrumb":{"@id":"https:\/\/lezbetalen.be\/sk\/avada_faq\/nevedel-som-o-tom-ze-nez-v-antverpach-sa-vztahuje-aj-na-zahranicne-vozidla-2\/#breadcrumb"},"inLanguage":"sk-SK","potentialAction":[{"@type":"ReadAction","target":["https:\/\/lezbetalen.be\/sk\/avada_faq\/nevedel-som-o-tom-ze-nez-v-antverpach-sa-vztahuje-aj-na-zahranicne-vozidla-2\/"]}]},{"@type":"BreadcrumbList","@id":"https:\/\/lezbetalen.be\/sk\/avada_faq\/nevedel-som-o-tom-ze-nez-v-antverpach-sa-vztahuje-aj-na-zahranicne-vozidla-2\/#breadcrumb","itemListElement":[{"@type":"ListItem","position":1,"name":"Home","item":"https:\/\/lezbetalen.be\/sk\/"},{"@type":"ListItem","position":2,"name":"FAQs","item":"https:\/\/lezbetalen.be\/it\/avada_faq\/"},{"@type":"ListItem","position":3,"name":"Nevedel som o tom, \u017ee NEZ v Antverp\u00e1ch sa vz\u0165ahuje aj na zahrani\u010dn\u00e9 vozidl\u00e1."}]},{"@type":"WebSite","@id":"https:\/\/lezbetalen.be\/#website","url":"https:\/\/lezbetalen.be\/","name":"LEZ","description":"","potentialAction":[{"@type":"SearchAction","target":{"@type":"EntryPoint","urlTemplate":"https:\/\/lezbetalen.be\/?s={search_term_string}"},"query-input":{"@type":"PropertyValueSpecification","valueRequired":true,"valueName":"search_term_string"}}],"inLanguage":"sk-SK"}]}},"_links":{"self":[{"href":"https:\/\/lezbetalen.be\/sk\/wp-json\/wp\/v2\/avada_faq\/2811","targetHints":{"allow":["GET"]}}],"collection":[{"href":"https:\/\/lezbetalen.be\/sk\/wp-json\/wp\/v2\/avada_faq"}],"about":[{"href":"https:\/\/lezbetalen.be\/sk\/wp-json\/wp\/v2\/types\/avada_faq"}],"author":[{"embeddable":true,"href":"https:\/\/lezbetalen.be\/sk\/wp-json\/wp\/v2\/users\/7"}],"replies":[{"embeddable":true,"href":"https:\/\/lezbetalen.be\/sk\/wp-json\/wp\/v2\/comments?post=2811"}],"version-history":[{"count":1,"href":"https:\/\/lezbetalen.be\/sk\/wp-json\/wp\/v2\/avada_faq\/2811\/revisions"}],"predecessor-version":[{"id":2812,"href":"https:\/\/lezbetalen.be\/sk\/wp-json\/wp\/v2\/avada_faq\/2811\/revisions\/2812"}],"wp:attachment":[{"href":"https:\/\/lezbetalen.be\/sk\/wp-json\/wp\/v2\/media?parent=2811"}],"wp:term":[{"taxonomy":"faq_category","embeddable":true,"href":"https:\/\/lezbetalen.be\/sk\/wp-json\/wp\/v2\/faq_category?post=2811"}],"curies":[{"name":"wp","href":"https:\/\/api.w.org\/{rel}","templated":true}]}}

Nevedel som o tom, že NEZ v Antverpách sa vzťahuje aj na zahraničné vozidlá.

<p>NEZ je zdravotné opatrenie. Vzťahuje sa teda na všetky vozidlá v meste, obyvateľov a návštevníkov. Okrem toho existuje povinnosť registrácie zahraničných vozidiel, keďže mesto automaticky neposkytuje údaje o vozidle. To znamená, že zahraničné vozidlá, ktoré spĺňajú požiadavky na vstup, sa musia zaregistrovať vo flámskej databáze NEZ prostredníctvom nášho <a href="https://lez.antwerpen.be/?Taal=EN">registračného nástroja</a>. Zahraničné vozidlá, ktoré nespĺňajú požiadavky na vstup si musia pred vstupom do NEZ zakúpiť vstup alebo denný preukaz NEZ.</p>
<p>NEZ je vždy označený zónovými značkami F117 a F118 a F118 a predvstupnými tabuľami NEZ. Tieto tabule zaručujú, že sa do NEZ nedostanete náhodne.</p>

<p>NEZ je zdravotné opatrenie. Vzťahuje sa teda na všetky vozidlá v meste, obyvateľov a návštevníkov. Okrem toho existuje povinnosť registrácie zahraničných vozidiel, keďže mesto automaticky neposkytuje údaje o vozidle. To znamená, že zahraničné vozidlá, ktoré spĺňajú požiadavky na vstup, sa musia zaregistrovať vo flámskej databáze NEZ prostredníctvom nášho registračného nástroja. Zahraničné vozidlá, ktoré nespĺňajú požiadavky na [&hellip;]</p>

<!-- This site is optimized with the Yoast SEO plugin v27.5 - https://yoast.com/product/yoast-seo-wordpress/ -->
<title>Nevedel som o tom, že NEZ v Antverpách sa vzťahuje aj na zahraničné vozidlá. - LEZ</title>
<meta name="robots" content="index, follow, max-snippet:-1, max-image-preview:large, max-video-preview:-1" />
<link rel="canonical" href="https://lezbetalen.be/sk/avada_faq/nevedel-som-o-tom-ze-nez-v-antverpach-sa-vztahuje-aj-na-zahranicne-vozidla-2/" />
<meta property="og:locale" content="sk_SK" />
<meta property="og:type" content="article" />
<meta property="og:title" content="Nevedel som o tom, že NEZ v Antverpách sa vzťahuje aj na zahraničné vozidlá. - LEZ" />
<meta property="og:description" content="NEZ je zdravotné opatrenie. Vzťahuje sa teda na všetky vozidlá v meste, obyvateľov a návštevníkov. Okrem toho existuje povinnosť registrácie zahraničných vozidiel, keďže mesto automaticky neposkytuje údaje o vozidle. To znamená, že zahraničné vozidlá, ktoré spĺňajú požiadavky na vstup, sa musia zaregistrovať vo flámskej databáze NEZ prostredníctvom nášho registračného nástroja. Zahraničné vozidlá, ktoré nespĺňajú požiadavky na [&hellip;]" />
<meta property="og:url" content="https://lezbetalen.be/sk/avada_faq/nevedel-som-o-tom-ze-nez-v-antverpach-sa-vztahuje-aj-na-zahranicne-vozidla-2/" />
<meta property="og:site_name" content="LEZ" />
<meta name="twitter:card" content="summary_large_image" />
<meta name="twitter:label1" content="Predpokladaný čas čítania" />
	<meta name="twitter:data1" content="1 minúta" />
<script type="application/ld+json" class="yoast-schema-graph">{"@context":"https:\/\/schema.org","@graph":[{"@type":"WebPage","@id":"https:\/\/lezbetalen.be\/sk\/avada_faq\/nevedel-som-o-tom-ze-nez-v-antverpach-sa-vztahuje-aj-na-zahranicne-vozidla-2\/","url":"https:\/\/lezbetalen.be\/sk\/avada_faq\/nevedel-som-o-tom-ze-nez-v-antverpach-sa-vztahuje-aj-na-zahranicne-vozidla-2\/","name":"Nevedel som o tom, že NEZ v Antverpách sa vzťahuje aj na zahraničné vozidlá. - LEZ","isPartOf":{"@id":"https:\/\/lezbetalen.be\/#website"},"datePublished":"2020-03-25T13:35:43+00:00","breadcrumb":{"@id":"https:\/\/lezbetalen.be\/sk\/avada_faq\/nevedel-som-o-tom-ze-nez-v-antverpach-sa-vztahuje-aj-na-zahranicne-vozidla-2\/#breadcrumb"},"inLanguage":"sk-SK","potentialAction":[{"@type":"ReadAction","target":["https:\/\/lezbetalen.be\/sk\/avada_faq\/nevedel-som-o-tom-ze-nez-v-antverpach-sa-vztahuje-aj-na-zahranicne-vozidla-2\/"]}]},{"@type":"BreadcrumbList","@id":"https:\/\/lezbetalen.be\/sk\/avada_faq\/nevedel-som-o-tom-ze-nez-v-antverpach-sa-vztahuje-aj-na-zahranicne-vozidla-2\/#breadcrumb","itemListElement":[{"@type":"ListItem","position":1,"name":"Home","item":"https:\/\/lezbetalen.be\/sk\/"},{"@type":"ListItem","position":2,"name":"FAQs","item":"https:\/\/lezbetalen.be\/it\/avada_faq\/"},{"@type":"ListItem","position":3,"name":"Nevedel som o tom, že NEZ v Antverpách sa vzťahuje aj na zahraničné vozidlá."}]},{"@type":"WebSite","@id":"https:\/\/lezbetalen.be\/#website","url":"https:\/\/lezbetalen.be\/","name":"LEZ","description":"","potentialAction":[{"@type":"SearchAction","target":{"@type":"EntryPoint","urlTemplate":"https:\/\/lezbetalen.be\/?s={search_term_string}"},"query-input":{"@type":"PropertyValueSpecification","valueRequired":true,"valueName":"search_term_string"}}],"inLanguage":"sk-SK"}]}</script>
<!-- / Yoast SEO plugin. -->

Nevedel som o tom, že NEZ v Antverpách sa vzťahuje aj na zahraničné vozidlá. - LEZ

NEZ je zdravotné opatrenie. Vzťahuje sa teda na všetky vozidlá v meste, obyvateľov a návštevníkov. Okrem toho existuje povinnosť registrácie zahraničných vozidiel, keďže mesto automaticky neposkytuje údaje o vozidle. To znamená, že zahraničné vozidlá, ktoré spĺňajú požiadavky na vstup, sa musia zaregistrovať vo flámskej databáze NEZ prostredníctvom nášho registračného nástroja. Zahraničné vozidlá, ktoré nespĺňajú požiadavky na [&hellip;]

1 minúta
